+ 154. What is the remainder when b is divided by p?
11
Let h be ((-30)/(-25))/((-3)/(-10)). Suppose -28 = -3*q + 2*q + h*o, -o - 3 = 0. What is the remainder when q is divided by 9?
7
Let p = 16 + 15. Let o = 45 - p. What is the remainder when o is divided by 8?
6
Let d(i) = 3*i - 2 + 0*i - 4*i. Let w be d(-4). Suppose c - j - 37 = -w*c, -5*c + 2*j = -62. Calculate the remainder when c is divided by 7.
5
Let i(r) = 23*r + 4 + 4 - 6. What is the remainder when i(1) is divided by 9?
7
Suppose -4*k - y = -17, -3*y = 3*k - 38 + 14. Suppose -3*c = -2*w + 25, 4*c - 35 = -k*w + 6*c. What is the remainder when 20 is divided by w?
9
Suppose -4*b + 2*j + 158 = 0, 0 = 4*b + j + 6 - 149. Let g = 36 - 23. What is the remainder when b is divided by g?
11
Let x(b) = -b**3 - b**2 + 2*b + 1. Let m be x(2). Let p = m - -40. What is the remainder when p is divided by 17?
16
Let b(x) be the first derivative of x**3/3 - 3*x**2/2 + 3*x - 2. Let d be b(4). Let t(p) = p**2 - 7*p + 9. What is the remainder when t(d) is divided by 6?
3
Suppose 0 = 6*h - 0*h - 90. Calculate the remainder when h is divided by 7.
1
Let k(n) = n + 16. Let f be k(-11). Suppose -f = -3*p + 1. Suppose -p*i + 9 = 1. Calculate the remainder when 5 is divided by i.
1
Let a = -4 + -5. Let g = a + 30. Suppose 3*l + 5*h - 191 = 0, -2*l - h + 249 = 2*l. Calculate the remainder when l is divided by g.
20
Suppose -3*y + 0*l + 105 = 3*l, -2*l - 2 = 0. What is the remainder when y is divided by (2/6)/((-22)/(-1254))?
17
Let f(b) = -2*b**3 - 4*b**2 + b + 49. Let y(i) = -i**3 - i**2 + 1. Let j(u) = f(u) - 3*y(u). What is the remainder when j(0) is divided by 7?
4
Let p = 20 - 3. What is the remainder when 49 is divided by p?
15
Let c(l) = l**2 - 4*l - 2. Let p be c(5). Suppose -p*d - 23 + 8 = -y, 15 = y + 3*d. Calculate the remainder when y is divided by 8.
7
Suppose -2*g + 144 = -5*q, 0 = -2*q + 4*q. Let l = -50 + g. Calculate the remainder when l is divided by 8.
6
Suppose -5*n + g + g = -80, 2*g - 64 = -4*n. Let w(s) = s**2 - 5*s - 6. Let f be w(6). Suppose i + i - n = f. Calculate the remainder when i is divided by 3.
2
Suppose -23 - 25 = 3*q. Suppose 2*y - 116 - 6 = 0. Calculate the remainder when y is divided by (0 + -1)/(1/q).
13
Suppose -5*s + 30 = -3*s. What is the remainder when s is divided by 8?
7
Let f = 5 - 4. Let r = f - -1. Calculate the remainder when 7 is divided by r.
1
Let h(q) = q**2 + 11*q + 10. Calculate the remainder when h(-13) is divided by 13.
10
Let m(x) = 86*x**3 + x + 1. Let p be m(-1). Let n = p - -144. What is the remainder when n is divided by 30?
28
Let o = -12 - -24. Let f(a) = a**3 - 12*a**2 + 2*a + 2. What is the remainder when f(o) is divided by 9?
8
What is the remainder when 10/(((-20)/(-14))/5) is divided by 9?
8
Let x(n) = 4*n - 11. Calculate the remainder when 24 is divided by x(6).
11
Let n be 0 + -1*(-31 - 1). Let j(p) = p**3 + 18*p**2 - 19*p - 17. Let o be j(-19). Let g = n + o. What is the remainder when g is divided by 8?
7
Let g = 5 + 19. Suppose 5*j = b + 30, 2*j - g = -2*b - 0. Calculate the remainder when 12 is divided by j.
5
Let i = -4 - -4. Let r = i + 2. Suppose 0*d + 20 = r*d. What is the remainder when 18 is divided by d?
8
Let a be (-232)/28 - 4/(-14). Let n = 15 + a. What is the remainder when 13 is divided by n?
6
Let p be (4/3)/((-2)/3). Calculate the remainder when 10 is divided by 6/p + (11 - 4).
2
Suppose 77*k - 69*k - 1528 = 0. Calculate the remainder when k is divided by 32.
31
Suppose -3*d + 0*r - 2*r = 39, -4*d = 2*r + 50. Let i = 20 + d. Suppose 0*m = m - 17. Calculate the remainder when m is divided by i.
8
Let p = -87 + 131. What is the remainder when p is divided by 15?
14
Let p(d) = 11 - d - 3*d**2 - 9 + 4*d**2. Suppose -3*i = n - 64, 4*i + 3*n = 4*n + 76. Calculate the remainder when p(-7) is divided by i.
18
Let f be (-2 - -4)*(-26)/(-4). Let j = f + -5. What is the remainder when j is divided by 5?
3
Suppose -q = -5*b - 30, 8*b = 3*b + 3*q - 30. Let f = 2 - b. What is the remainder when f is divided by 5?
3
Let s = 146 - 105. What is the remainder when s is divided by 9?
5
Suppose 2*o - 220 = -3*o. Calculate the remainder when o is divided by 23.
21
Let s = 240 - 209. Let h = -22 + 38. Calculate the remainder when s is divided by h.
15
Let n be ((-9)/(-6))/3*4. Suppose 2*a - a = 3*u + n, 0 = 3*a + 2*u - 50. What is the remainder when 55 is divided by a?
13
Let u be (-476)/(-10) - 4/(-10). Let h = u - 31. Let g = 84 - 35. What is the remainder when g is divided by h?
15
Suppose -5*s - 4*w + 7 = 0, 2*w + 21 = 5*s - w. Let x = -3 - -8. Calculate the remainder when x is divided by -1 + (s - (-1 + 0)).
2
Suppose -5*l = -25 - 80. Calculate the remainder when 58 is divided by l.
16
Calculate the remainder when 27 is divided by (-22)/(-4)*(6 - 4).
5
Suppose -5*a = -2*a - 51. Suppose -5*n + 5 = 2*d + d, 4*d + 5*n = 0. Calculate the remainder when a is divided by (-4)/d*(-45)/(-6).
5
Let n = -32 + 73. Calculate the remainder when n is divided by 21.
20
Let d(r) = r**3 + 8*r**2 + 4*r. Calculate the remainder when d(-7) is divided by 3 - (-10)/(-2) - -13.
10
Suppose -x = -0*x. Suppose -f - 2 - 5 = x. What is the remainder when -1 - (0 + 2 + f) is divided by 2?
0
Let q(w) = w**2 + 7*w + 1. Suppose -2*s + 15 = 5. Calculate the remainder when q(s) is divided by 21.
19
Let x(v) = -7*v**3 - v**2 + 2*v + 1. What is the remainder when x(-3) is divided by 8?
7
Let z(n) be the first derivative of 7*n**2/2 + 2. Let u be z(-1). Let c = u - -11. Calculate the remainder when 10 is divided by c.
2
Suppose 105 = 7*d - 2*d. Calculate the remainder when d is divided by 4.
1
Calculate the remainder when (-44)/(-6)*9/6 is divided by 2/(-4) + (-14)/(-4).
2
What is the remainder when 83*1/(-3 + 4) is divided by 14?
13
Let n = -17 - -42. Calculate the remainder when 124 is divided by n.
24
Calculate the remainder when (3/6)/(7/1358) is divided by 25.
22
Let l = 51 - 29. Let b = 76 - 40. Suppose -2*g - g = -b. What is the remainder when l is divided by g?
10
Let j be 3/9 - 2/6. Suppose 5*m - 4*m + 3*u - 12 = j, -4*u = -3*m + 23. What is the remainder when 24 is divided by m?
6
Suppose 3*q = 3*b - 7*b + 59, -2*q = b - 21. Suppose 0 + 5 = u. Let x = u - -37. Calculate the remainder when x is divided by b.
9
Let x be 0/(-1)*(-4)/(-4). Suppose x = -2*q + y - 4*y + 21, 8 = q + 4*y. Let j = q - -7. Calculate the remainder when j is divided by 7.
5
Suppose -4*o + o = 2*i - 10, o - 2 = -2*i. Suppose 0 = -s + o*s - 51. What is the remainder when s is divided by 8 - 2*(1 - 0)?
5
Let v be 222/5 + 2/(-5). Suppose -4*o = -2*o - v. Suppose 163 = 4*c - r, 5*c - 39 = r + 166. What is the remainder when c is divided by o?
20
Let b = -29 - -32. Calculate the remainder when 7 is divided by b.
1
Let c(l) = -l**3 - 4*l**2 + 7. What is the remainder when 93 is divided by c(-5)?
29
Suppose a - 772 = -4*y - 3*a, 977 = 5*y + 2*a. Calculate the remainder when y is divided by 40.
37
Suppose 23 = -4*i - 101. Suppose 0*h + 62 = -h. Let q = i - h. Calculate the remainder when q is divided by 16.
15
Let u(t) = 2*t**3 + 10*t**2 + 2*t - 2. Let r = 11 - 3. Calculate the remainder when u(-4) is divided by r.
6
Let x(u) = 6*u - 7. Let k(f) = f**2 - 8*f - 4. Let m be k(9). Suppose -12 = m*z - 62. Calculate the remainder when x(6) is divided by z.
9
Let a(x) = -x**3 - 7*x**2 - 6*x + 7. Calculate the remainder when 27 is divided by a(-6).
6
Let a be (1 - 10)/3 + -59. Let d = -6 - a. What is the remainder when d is divided by 19?
18
Let u = 5 + -5. Suppose u = 4*y + 5*b - 140 + 33, -15 = -5*b. Calculate the remainder when 43 is divided by y.
20
Let x(z) = z**3 + 4*z**2 - 4*z - 3. Let b = -34 + 85. Calculate the remainder when b is divided by x(-3).
15
Let z be 2/(-8) + (-21)/(-4). Suppose 13 = 3*l + h, 0 + 27 = z*l - h. Suppose -6*j - 51 = -129. What is the remainder when j is divided by l?
3
Suppose 4*s = 142 - 50. Calculate the remainder when s is divided by 12.
11
Let k = -1 + 4. Suppose -3*i - k*p + 111 = 0, 182 = 3*i + 2*i + 4*p. Let g = 38 - 26. Calculate the remainder when i is divided by g.
10
Suppose -189 = -c - 8*c. What is the remainder when 39 is divided by c?
18
Let q(c) = 2*c**2 + 7*c - 5. Let l be q(4). Let t(u) = u**2 + 5. Let g be t(-5). Suppose 0 = -5*f + l + g. What is the remai